*g**3 + 9*g**2 - 8*g + 14. Let r be w(6). Let c = -799 + r. Is c prime?
True
Suppose 2*r + 2*z + 6418 = 0, 3*z - 9854 = 2*r - 3416. Let w = -1898 - r. Is w a composite number?
True
Let u(g) = 3*g**3 + 3*g. Let p be u(2). Is (-114515)/(-75) - (-4)/p composite?
True
Let b(m) = -4*m + 2. Let x be b(1). Is x/3 - 5667/(-9) composite?
True
Let d(c) = 22*c**3 + 11*c + 16. Is d(7) a prime number?
True
Let l be (6/4)/((-1)/14). Let m be (l/6)/(2/(-116)). Suppose j = 3*f - 466, -4*f + 450 + m = 5*j. Is f prime?
True
Let p(w) = -93*w**3 - 148*w**3 - 1 - 52*w**3 - w. Let n = 0 + -1. Is p(n) composite?
False
Let u = -86 + 137. Suppose -u = -5*y + 14. Suppose -2*q = -3*q + y. Is q prime?
True
Suppose 4*h + 2*h + 4800 = 0. Let q = 1305 + h. Is q a composite number?
True
Let u be (1 + -2)/(1/181). Let g = -129 - u. Suppose g = m + 6*b - 3*b, 0 = 3*m + b - 132. Is m a prime number?
True
Is 49483/2*(-5 - -7) a composite number?
True
Suppose -17336 + 97321 = 5*x. Is x composite?
True
Suppose 5*f - 25 = 0, 0*k - 4*f + 175 = 5*k. Let j = k + 130. Is j composite?
True
Let m be (0*(-1)/2)/(-2). Suppose m = 4*i - 3*i - 1416. Suppose 4*y - i = -92. Is y a prime number?
True
Let p be ((-1)/(-3))/(20/19620). Let d(q) = 168*q**2 + 2. Let a be d(2). Let y = a - p. Is y a composite number?
False
Let n(m) = -5*m**3 + m**2 - 7*m - 35. Let p(w) = w**3 + w + 1. Let q(t) = -n(t) - 6*p(t). Let j be q(0). Let r = 103 - j. Is r a composite number?
True
Let r(j) = -166*j + 177. Is r(-25) a composite number?
False
Suppose -c = 5*g - 31898, 5*g - 159490 = -3*c - 2*c. Suppose 0 = 7*r + 6243 - c. Is r a composite number?
True
Let r(c) be the third derivative of -11*c**4/8 + 17*c**3/6 + 17*c**2. Is r(-14) prime?
True
Let s(b) be the second derivative of b**4/12 + b**3/6 - b**2/2 + 18*b. Is s(9) prime?
True
Let d(m) be the second derivative of -m**5/4 - m**4/3 + m**3/3 + 3*m**2/2 - 10*m. Is d(-4) composite?
False
Let u(b) = -b**2 + 13*b - 8. Let d(t) = t**2 - t + 7. Let w be d(0). Is u(w) composite?
True
Let m be ((0/2)/4)/1. Is 1 + (-1 - m) + 1007*1 a composite number?
True
Is 311966/10 + (126/(-15))/(-21) prime?
False
Let m = -2261 - -1336. Let o = m - -1460. Is o prime?
False
Let k be 4 + -1 - (3 + -4). Suppose 3*z - 5*t - 437 = 0, 0 = 2*t + k - 8. Suppose 2888 = 3*r + z. Is r a composite number?
True
Suppose -5*b - 13 = 2, -3*v - 5*b = -24180. Is v composite?
True
Suppose 3*q - 732 = 1536. Let n = q - 451. Is n a composite number?
True
Suppose 13*r = 15669 + 14582. Is r prime?
False
Suppose 3*a + 2*m = 33, a - 6*a + 3*m = -74. Let p be 66 + 0 - (a - 15). Suppose -2*j + p = -338. Is j a composite number?
True
Suppose 5*q - q - 40 = -5*g, -1 = -q + g. Suppose 10*o - 1255 = q*o. Is o composite?
False
Is -14414*((-8)/32)/((-1)/(-2)) prime?
True
Let x(k) = -4*k**2 + 7*k + 4. Let w(t) = 1. Let v(n) = n + 1. Let f be v(-2). Let c(l) = f*w(l) - x(l). Is c(6) composite?
False
Suppose r + 3 + 8 = -x, r = -1. Let a = 13 + x. Suppose 1272 = a*j - 2*u + 279, -331 = -j - 2*u. Is j prime?
True
Suppose -3*f + 107842 = -2*c + 40563, 4*c = 4*f - 89712. Is f a prime number?
False
Let z = -18 + 13. Let n be (z - -3)*-109*1. Let f = 47 + n. Is f a prime number?
False
Let d = -66 - -76. Suppose -d*k + 16*k - 6522 = 0. Is k a prime number?
True
Let x(l) = 4*l**3 - 18*l**2 - 11*l + 18. Is x(11) a prime number?
False
Let k = -5 + 2. Is (386 - -2) + (-2 - k) composite?
False
Let n be ((-8)/4)/((-4)/8). Suppose 0 = 4*h + 7*r - n*r - 5, -h + 3*r + 5 = 0. Is h*(3 - 195/(-2)) composite?
True
Let v = 9 + -13. Let h be 2*22/(-16)*v. Suppose -9*j - h + 866 = 0. Is j a prime number?
False
Let t(j) = -j**3 - 5*j**2 - 4*j - 126. Let m(i) = i**2 - 3*i + 3. Let a(y) = y - 1. Let d(z) = -4*a(z) - m(z). Let q(o) = 5*d(o) - t(o). Is q(0) a prime number?
True
Is 1*(7 + (0 - -8196)) prime?
False
Let g = -57 + 12. Let u = g + 82. Is u a prime number?
True
Let d = 56 - 47. Let i = 68 - d. Is i a prime number?
True
Suppose b + 80 = 5*q + 439, -q + 762 = 2*b. Let t = b - 56. Is t composite?
True
Is 263928/105 + 6/(-10) a composite number?
True
Let d = 135 + -41. Is d a composite number?
True
Suppose -18*d = -22*d + 108. Suppose -d*x = -26*x - 2099. Is x composite?
False
Suppose 0 = 6*q - 4*q. Let l be (-660)/(-1 + -3) + q. Suppose -5*y + 592 + l = 4*c, 0 = 5*y + 3*c - 754. Is y prime?
True
Suppose 1 - 3 = 2*u. Let o be (u*1)/((-4)/8). Suppose o*j - 645 = -j. Is j prime?
False
Let q(g) = -2. Let t(b) = 9*b - 18. Let c(f) = -5*q(f) + t(f). Suppose 0*y - 3*y + 54 = -3*w, 0 = -y + 3*w + 24. Is c(y) a composite number?
False
Let d(v) = 2*v**3 + 6*v**2 + 5*v - 2. Let y be d(-2). Let z(n) = 6*n - 59*n + 0 - 1. Is z(y) composite?
False
Let i = 20 + -18. Is i + (662 - (0 + -3)) a prime number?
False
Suppose 5*j + i - 69145 = 0, 4*j - 55316 = -8*i + 5*i. Is j a composite number?
False
Let t(y) = 6*y - 10. Let b be t(5). Suppose -5*a + a = -b. Is a/(15/6) - -35 a prime number?
True
Suppose -1059 = -4*y - 3*m, -163 - 106 = -y - 5*m. Let h = y - -145. Is h a composite number?
False
Let f = -8221 - -16040. Is f a composite number?
True
Suppose -11*o + 1247 + 183 = 0. Suppose -o*v - 174 = -133*v. Is v a prime number?
False
Suppose 2*i - 4 - 4 = 0. Suppose -i*h + 0*h + 5*j = -18, 4*h + 2*j - 4 = 0. Suppose -h*y + 162 = -676. Is y composite?
False
Let x = 176 + -76. Let z be ((597 - 3)/3)/2. Let h = x + z. Is h composite?
False
Let g(k) = 5*k**2 + 16*k - 30. Let q be g(12). Let r = q + -161. Is r a prime number?
False
Suppose 818 = 16*h - 14*h. Let w = h + -18. Is w composite?
True
Is (178374/(-105))/((-2)/5) a composite number?
True
Suppose 4*n = -2*q + q - 11, -4*q - 4*n - 20 = 0. Is 14/(-4)*-262 - (q + -1) a composite number?
True
Is ((-16)/(-18 + 66))/((-2)/157362) prime?
True
Let y = 19839 - 14111. Suppose 0 = 7*c - 3771 - y. Is c composite?
True
Suppose -7 = -4*w - t + 12, -17 = -3*w + 2*t. Suppose 2*z + 257 = 3*q, -411 = -0*q - w*q - z. Is q a prime number?
True
Let p(k) = k**3 + 6*k**2 + 6*k + 1. Let o be p(-4). Let q be 0 + (3 - o/3). Suppose q = -h - 3*h + 8. Is h composite?
False
Let y = -151 - -153. Let t(v) = -v**3 + 5*v**2 + 2*v - 7. Let k be t(5). Suppose 3*s - 5*l + 109 = 4*s, 0 = -k*s + y*l + 259. Is s composite?
False
Let j(n) be the third derivative of 46*n**4/3 + 5*n**3/6 - 13*n**2. Is j(4) a prime number?
False
Let j = -1935 - -12698. Is j a composite number?
True
Suppose 68*h = 46*h + 5522. Is h a prime number?
True
Let v(k) = k**2 - 1. Let r be v(-2). Suppose 7 = -2*u + r. Is (-62)/(-3)*(-3)/u a prime number?
True
Suppose 0*g + 3*g - 18 = 0. Let w be (75/(-45))/(2/6 + 0). Is 3745/(-14)*g/w a composite number?
True
Suppose -4*u + 1 = -31. Let i(t) = -t**3 + 13*t**2 - 9*t + 11. Let m be i(12). Let q = m - u. Is q composite?
True
Suppose -60694 = -4*h + 5*b - 23157, b = -4*h + 37531. Is h composite?
True
Is ((-1806226)/(-354))/(1*1/9) prime?
False
Suppose 2*b = a - 146, -3*b - b + 388 = 3*a. Suppose -2*n + 9 = -1. Let w = a - n. Is w a prime number?
True
Suppose 260*d = 247*d + 236951. Is d a composite number?
True
Is 3442*5*13/10 prime?
False
Let u(z) = -844*z - 1. Let t be u(-1). Suppose 5*x - 2*k + t = 15328, k + 11588 = 4*x. Is x prime?
True
Suppose -z = 5*f - 15816, 0 = 4*z - 39 + 35. Is f a composite number?
False
Suppose 8 = 4*l, 0 = -3*d - 2*l - l. Let v be ((0 + 0)/(-3))/d. Suppose v*x + 91 = x. Is x a composite number?
True
Suppose 2*t = 5*x + 184, 2*x + 127 = -4*t + 39. Let u be (x/(-6))/(8/48). Suppose -45 - u = -h. Is h a composite number?
False
Suppose o + 13 = -2. Let h be (-666)/o - 3/(-5). Suppose -8 = z - h. Is z prime?
True
Let n be 5 + (-130)/25 - 7932/(-10). Suppose 2*z - 605 - n = 0. Is z a composite number?
True
Is (4088/(-5) - -1)*(-44 + 39) a composite number?
True
Let c = 31 - 14. Suppose -3*z + 6 = 0, -i + 3*z + 51 + c = 0. Is i prime?
False
Suppose 3*v + 3*c = -70 + 349, 0 = -v - 5*c + 101. Let s(x) = x**3 - 37*x + v + x**2 + 37*x. Is s(0) a prime number?
False
Let o(p) = 4*p**3 + 8*p**2 - 8*p. Let c be 4/8 + (-14)/(-4). Let y(r) = -3*r**3 - 8*r**2 + 8*r. Let a(d) = c*o(d) + 5*y(d). Is a(7) a composite number?
False
Let u be 8/4*(-1 - -2). Suppose -5*j = -u*r - 34 + 2, -j = -r - 4. Suppose -4*y - j = 0, 5*p + 2*y - 245 = -3*y. Is p composite?
True
Let q(o) = -o**3 + 2*o + 4. Let f be q(3). Let 